{"id":730,"date":"2020-08-12T14:31:17","date_gmt":"2020-08-12T14:31:17","guid":{"rendered":"https:\/\/hatha.qodeinteractive.com\/?page_id=730"},"modified":"2023-02-22T18:19:21","modified_gmt":"2023-02-22T17:19:21","slug":"about-me","status":"publish","type":"page","link":"https:\/\/yin-in-herford.de\/?page_id=730","title":{"rendered":"\u00dcber mich"},"content":{"rendered":"\t\t<div data-elementor-type=\"wp-page\" data-elementor-id=\"730\" class=\"elementor elementor-730\">\n\t\t\t\t\t\t\t\t\t<section class=\"elementor-section elementor-top-section elementor-element elementor-element-e2faaae elementor-section-content-top elementor-section-boxed elementor-section-height-default elementor-section-height-default qodef-elementor-content-no\" data-id=\"e2faaae\" data-element_type=\"section\">\n\t\t\t\t\t\t<div class=\"elementor-container elementor-column-gap-default\">\n\t\t\t\t\t<div class=\"elementor-column elementor-col-100 elementor-top-column elementor-element elementor-element-114da52\" data-id=\"114da52\" data-element_type=\"column\">\n\t\t\t<div class=\"elementor-widget-wrap elementor-element-populated\">\n\t\t\t\t\t\t\t\t<div class=\"elementor-element elementor-element-eb2c0d3 elementor-widget elementor-widget-text-editor\" data-id=\"eb2c0d3\" data-element_type=\"widget\" data-widget_type=\"text-editor.default\">\n\t\t\t\t<div class=\"elementor-widget-container\">\n\t\t\t\t\t\t\t<h4 style=\"vertical-align: baseline; margin: 25px 0px; padding: 0px; background: 0px 0px #ffffff; border: 0px; outline: 0px; font-family: 'Cormorant Garamond', sans-serif; color: #333333; font-size: 30px; line-height: 1.1667em; font-weight: 300; overflow-wrap: break-word;\" align=\"JUSTIFY\">Mein Yoga Weg \u2013 hier m\u00f6chte ich mich und meinen Yogastil kurz vorstellen<\/h4>\t\t\t\t\t\t<\/div>\n\t\t\t\t<\/div>\n\t\t\t\t<div class=\"elementor-element elementor-element-9f774cc elementor-widget elementor-widget-text-editor\" data-id=\"9f774cc\" data-element_type=\"widget\" data-widget_type=\"text-editor.default\">\n\t\t\t\t<div class=\"elementor-widget-container\">\n\t\t\t\t\t\t\t<p><span style=\"text-decoration: underline;\"><strong>Meine Kompetenzen<\/strong><\/span><\/p>\n<p style=\"margin-bottom: 0cm;\">Meine Yogastunden sind ein vielf\u00e4ltiger Mix aus den verschiedensten Stilen und Bereichen, je nach Thema oder den individuellen Gegebenheiten und Bed\u00fcrfnissen.<\/p>\n<p style=\"margin-bottom: 0cm;\">Der Schwerpunkt der jeweiligen Stunde\/Klasse ist in dem Namen verankert.<\/p>\n<p style=\"margin-bottom: 0cm;\"><span style=\"font-size: medium;\"><u><b>Meine Angebote<\/b><\/u><\/span><\/p>\n<p style=\"margin-bottom: 0cm;\">Ich biete folgende Formate an<\/p>\n<ul>\n<li><span style=\"color: var( --e-global-color-text ); font-family: var( --e-global-typography-text-font-family ), Sans-serif; font-weight: var( --e-global-typography-text-font-weight );\">Gruppenstunden<\/span><\/li>\n<li><span style=\"color: var( --e-global-color-text ); font-family: var( --e-global-typography-text-font-family ), Sans-serif; font-weight: var( --e-global-typography-text-font-weight );\">Einzelcoaching<\/span><\/li>\n<li><span style=\"color: var( --e-global-color-text ); font-family: var( --e-global-typography-text-font-family ), Sans-serif; font-weight: var( --e-global-typography-text-font-weight );\">Yogatherapie nach den Prinzipien der Spiraldynamik<\/span><\/li>\n<li><span style=\"color: var( --e-global-color-text ); font-family: var( --e-global-typography-text-font-family ), Sans-serif; font-weight: var( --e-global-typography-text-font-weight );\">Businessyoga: Workshops oder auch w\u00f6chentliche Kurse &#8211; Auf Ihre individuellen Bed\u00fcrfnisse angepasst<\/span><\/li><li><span style=\"color: var( --e-global-color-text ); font-family: var( --e-global-typography-text-font-family ), Sans-serif; font-weight: var( --e-global-typography-text-font-weight );\">Gesundheitstage bspw. bei Lehrerfortbildungen<br><\/span><\/li><li><span style=\"color: var( --e-global-color-text ); font-family: var( --e-global-typography-text-font-family ), Sans-serif; font-weight: var( --e-global-typography-text-font-weight );\">Alles sowohl online, als auch in Pr\u00e4senz m\u00f6glich<\/span><\/li>\n<\/ul>\n<p><span style=\"color: var( --e-global-color-text ); font-family: var( --e-global-typography-text-font-family ), Sans-serif; font-weight: var( --e-global-typography-text-font-weight );\">&nbsp;<\/span>Habe ich Dein Interesse geweckt? Dann ruf mich an und buche eine Schnupperstunde.<\/p>\n<p style=\"margin-bottom: 0cm; text-align: center;\"><b style=\"color: var( --e-global-color-text ); font-family: var( --e-global-typography-text-font-family ), Sans-serif;\">Telefon 0170-244 84 74<\/b><\/p>\n<p style=\"margin-bottom: 0cm;\"><span style=\"font-size: medium;\"><u><b>Meine Ausbildungen<\/b><\/u><\/span><\/p>\n<p style=\"margin-bottom: 0cm;\">Basis der Spiraldynamik<\/p>\n<p style=\"margin-bottom: 0cm;\">Anatomische Yogatherapie nach den Prinzipien der Spiraldynamik bei Lilla Wuttich<\/p>\n<p style=\"margin-bottom: 0cm;\">Meditationsleiterin bei Anna Tr\u00f6kes<\/p>\n<p style=\"margin-bottom: 0cm;\">Seit 2021 Yoga der Energie bei Anna Tr\u00f6kes<\/p>\n<p style=\"margin-bottom: 0cm;\">Yoga Nidra<\/p>\n<p style=\"margin-bottom: 0cm;\">Entspannungskursleiterin (u.a. autogenes Training, PMR nach Jacobsen, u.v.m.)<\/p>\n<p style=\"margin-bottom: 0cm;\">2-j\u00e4hrige YIN YOGA-Ausbildung nach Paul Grilley<\/p>\n<p style=\"margin-bottom: 0cm;\">\n<\/p><p style=\"margin-bottom: 0cm;\">2-j\u00e4hrige Ausbildung im klassischen Yoga: Hatha, Rishikesh, Kundalini, Nada Brahma<\/p>\n<p style=\"margin-bottom: 0cm;\"><u style=\"color: var( --e-global-color-text ); font-family: var( --e-global-typography-text-font-family ), Sans-serif; font-weight: var( --e-global-typography-text-font-weight );\"><b>Meine Fortbildungen<\/b><\/u><\/p>\n<p style=\"margin-bottom: 0cm;\"><span style=\"color: var( --e-global-color-text ); font-family: var( --e-global-typography-text-font-family ), Sans-serif; font-weight: var( --e-global-typography-text-font-weight );\">EFT<\/span><\/p>\n<p style=\"margin-bottom: 0cm;\"><span style=\"color: var( --e-global-color-text ); font-family: var( --e-global-typography-text-font-family ), Sans-serif; font-weight: var( --e-global-typography-text-font-weight );\">Superbrain Yoga<\/span><\/p>\n<p style=\"margin-bottom: 0cm;\"><span style=\"color: var( --e-global-color-text ); font-family: var( --e-global-typography-text-font-family ), Sans-serif; font-weight: var( --e-global-typography-text-font-weight );\">Fu\u00dfreflexzonenmassage<\/span><\/p>\n<p style=\"margin-bottom: 0cm;\"><span style=\"color: var( --e-global-color-text ); font-family: var( --e-global-typography-text-font-family ), Sans-serif; font-weight: var( --e-global-typography-text-font-weight );\">Gesichtsyoga<\/span><\/p>\n<p style=\"margin-bottom: 0cm;\"><span style=\"color: var( --e-global-color-text ); font-family: var( --e-global-typography-text-font-family ), Sans-serif; font-weight: var( --e-global-typography-text-font-weight );\">TCM \u2013 Meridiane, Akkupressur und die&nbsp;<\/span><span style=\"color: var( --e-global-color-text ); font-family: var( --e-global-typography-text-font-family ), Sans-serif; font-weight: var( --e-global-typography-text-font-weight );\">5 Elemente <br><\/span><\/p>\t\t\t\t\t\t<\/div>\n\t\t\t\t<\/div>\n\t\t\t\t\t<\/div>\n\t\t<\/div>\n\t\t\t\t\t\t\t<\/div>\n\t\t<\/section>\n\t\t\t\t\t\t\t<\/div>\n\t\t","protected":false},"excerpt":{"rendered":"<p>Mein Yoga Weg \u2013 hier m\u00f6chte ich mich und meinen Yogastil kurz vorstellen Meine Kompetenzen Meine Yogastunden sind ein vielf\u00e4ltiger Mix aus den verschiedensten Stilen und Bereichen, je nach Thema oder den individuellen Gegebenheiten und Bed\u00fcrfnissen. Der Schwerpunkt der jeweiligen Stunde\/Klasse ist in dem Namen verankert. Meine Angebote Ich biete folgende Formate an Gruppenstunden Einzelcoaching [&hellip;]<\/p>\n","protected":false},"author":2,"featured_media":0,"parent":0,"menu_order":0,"comment_status":"closed","ping_status":"closed","template":"page-full-width.php","meta":[],"_links":{"self":[{"href":"https:\/\/yin-in-herford.de\/index.php?rest_route=\/wp\/v2\/pages\/730"}],"collection":[{"href":"https:\/\/yin-in-herford.de\/index.php?rest_route=\/wp\/v2\/pages"}],"about":[{"href":"https:\/\/yin-in-herford.de\/index.php?rest_route=\/wp\/v2\/types\/page"}],"author":[{"embeddable":true,"href":"https:\/\/yin-in-herford.de\/index.php?rest_route=\/wp\/v2\/users\/2"}],"replies":[{"embeddable":true,"href":"https:\/\/yin-in-herford.de\/index.php?rest_route=%2Fwp%2Fv2%2Fcomments&post=730"}],"version-history":[{"count":90,"href":"https:\/\/yin-in-herford.de\/index.php?rest_route=\/wp\/v2\/pages\/730\/revisions"}],"predecessor-version":[{"id":5746,"href":"https:\/\/yin-in-herford.de\/index.php?rest_route=\/wp\/v2\/pages\/730\/revisions\/5746"}],"wp:attachment":[{"href":"https:\/\/yin-in-herford.de\/index.php?rest_route=%2Fwp%2Fv2%2Fmedia&parent=730"}],"curies":[{"name":"wp","href":"https:\/\/api.w.org\/{rel}","templated":true}]}}

Über mich

<div data-elementor-type="wp-page" data-elementor-id="730" class="elementor elementor-730">
									<section class="elementor-section elementor-top-section elementor-element elementor-element-e2faaae elementor-section-content-top elementor-section-boxed elementor-section-height-default elementor-section-height-default qodef-elementor-content-no" data-id="e2faaae" data-element_type="section">
						<div class="elementor-container elementor-column-gap-default">
					<div class="elementor-column elementor-col-100 elementor-top-column elementor-element elementor-element-114da52" data-id="114da52" data-element_type="column">
			<div class="elementor-widget-wrap elementor-element-populated">
								<div class="elementor-element elementor-element-eb2c0d3 elementor-widget elementor-widget-text-editor" data-id="eb2c0d3" data-element_type="widget" data-widget_type="text-editor.default">
				<div class="elementor-widget-container">
							<h4 style="vertical-align: baseline; margin: 25px 0px; padding: 0px; background: 0px 0px #ffffff; border: 0px; outline: 0px; font-family: 'Cormorant Garamond', sans-serif; color: #333333; font-size: 30px; line-height: 1.1667em; font-weight: 300; overflow-wrap: break-word;" align="JUSTIFY">Mein Yoga Weg – hier möchte ich mich und meinen Yogastil kurz vorstellen</h4>						</div>
				</div>
				<div class="elementor-element elementor-element-9f774cc elementor-widget elementor-widget-text-editor" data-id="9f774cc" data-element_type="widget" data-widget_type="text-editor.default">
				<div class="elementor-widget-container">
							<p><span style="text-decoration: underline;"><strong>Meine Kompetenzen</strong></span></p>
<p style="margin-bottom: 0cm;">Meine Yogastunden sind ein vielfältiger Mix aus den verschiedensten Stilen und Bereichen, je nach Thema oder den individuellen Gegebenheiten und Bedürfnissen.</p>
<p style="margin-bottom: 0cm;">Der Schwerpunkt der jeweiligen Stunde/Klasse ist in dem Namen verankert.</p>
<p style="margin-bottom: 0cm;"><span style="font-size: medium;"><u><b>Meine Angebote</b></u></span></p>
<p style="margin-bottom: 0cm;">Ich biete folgende Formate an</p>
<ul>
<li><span style="color: var( --e-global-color-text ); font-family: var( --e-global-typography-text-font-family ), Sans-serif; font-weight: var( --e-global-typography-text-font-weight );">Gruppenstunden</span></li>
<li><span style="color: var( --e-global-color-text ); font-family: var( --e-global-typography-text-font-family ), Sans-serif; font-weight: var( --e-global-typography-text-font-weight );">Einzelcoaching</span></li>
<li><span style="color: var( --e-global-color-text ); font-family: var( --e-global-typography-text-font-family ), Sans-serif; font-weight: var( --e-global-typography-text-font-weight );">Yogatherapie nach den Prinzipien der Spiraldynamik</span></li>
<li><span style="color: var( --e-global-color-text ); font-family: var( --e-global-typography-text-font-family ), Sans-serif; font-weight: var( --e-global-typography-text-font-weight );">Businessyoga: Workshops oder auch wöchentliche Kurse &#8211; Auf Ihre individuellen Bedürfnisse angepasst</span></li><li><span style="color: var( --e-global-color-text ); font-family: var( --e-global-typography-text-font-family ), Sans-serif; font-weight: var( --e-global-typography-text-font-weight );">Gesundheitstage bspw. bei Lehrerfortbildungen<br></span></li><li><span style="color: var( --e-global-color-text ); font-family: var( --e-global-typography-text-font-family ), Sans-serif; font-weight: var( --e-global-typography-text-font-weight );">Alles sowohl online, als auch in Präsenz möglich</span></li>
</ul>
<p><span style="color: var( --e-global-color-text ); font-family: var( --e-global-typography-text-font-family ), Sans-serif; font-weight: var( --e-global-typography-text-font-weight );">&nbsp;</span>Habe ich Dein Interesse geweckt? Dann ruf mich an und buche eine Schnupperstunde.</p>
<p style="margin-bottom: 0cm; text-align: center;"><b style="color: var( --e-global-color-text ); font-family: var( --e-global-typography-text-font-family ), Sans-serif;">Telefon 0170-244 84 74</b></p>
<p style="margin-bottom: 0cm;"><span style="font-size: medium;"><u><b>Meine Ausbildungen</b></u></span></p>
<p style="margin-bottom: 0cm;">Basis der Spiraldynamik</p>
<p style="margin-bottom: 0cm;">Anatomische Yogatherapie nach den Prinzipien der Spiraldynamik bei Lilla Wuttich</p>
<p style="margin-bottom: 0cm;">Meditationsleiterin bei Anna Trökes</p>
<p style="margin-bottom: 0cm;">Seit 2021 Yoga der Energie bei Anna Trökes</p>
<p style="margin-bottom: 0cm;">Yoga Nidra</p>
<p style="margin-bottom: 0cm;">Entspannungskursleiterin (u.a. autogenes Training, PMR nach Jacobsen, u.v.m.)</p>
<p style="margin-bottom: 0cm;">2-jährige YIN YOGA-Ausbildung nach Paul Grilley</p>
<p style="margin-bottom: 0cm;">
</p><p style="margin-bottom: 0cm;">2-jährige Ausbildung im klassischen Yoga: Hatha, Rishikesh, Kundalini, Nada Brahma</p>
<p style="margin-bottom: 0cm;"><u style="color: var( --e-global-color-text ); font-family: var( --e-global-typography-text-font-family ), Sans-serif; font-weight: var( --e-global-typography-text-font-weight );"><b>Meine Fortbildungen</b></u></p>
<p style="margin-bottom: 0cm;"><span style="color: var( --e-global-color-text ); font-family: var( --e-global-typography-text-font-family ), Sans-serif; font-weight: var( --e-global-typography-text-font-weight );">EFT</span></p>
<p style="margin-bottom: 0cm;"><span style="color: var( --e-global-color-text ); font-family: var( --e-global-typography-text-font-family ), Sans-serif; font-weight: var( --e-global-typography-text-font-weight );">Superbrain Yoga</span></p>
<p style="margin-bottom: 0cm;"><span style="color: var( --e-global-color-text ); font-family: var( --e-global-typography-text-font-family ), Sans-serif; font-weight: var( --e-global-typography-text-font-weight );">Fußreflexzonenmassage</span></p>
<p style="margin-bottom: 0cm;"><span style="color: var( --e-global-color-text ); font-family: var( --e-global-typography-text-font-family ), Sans-serif; font-weight: var( --e-global-typography-text-font-weight );">Gesichtsyoga</span></p>
<p style="margin-bottom: 0cm;"><span style="color: var( --e-global-color-text ); font-family: var( --e-global-typography-text-font-family ), Sans-serif; font-weight: var( --e-global-typography-text-font-weight );">TCM – Meridiane, Akkupressur und die&nbsp;</span><span style="color: var( --e-global-color-text ); font-family: var( --e-global-typography-text-font-family ), Sans-serif; font-weight: var( --e-global-typography-text-font-weight );">5 Elemente <br></span></p>						</div>
				</div>
					</div>
		</div>
							</div>
		</section>
							</div>

<p>Mein Yoga Weg – hier möchte ich mich und meinen Yogastil kurz vorstellen Meine Kompetenzen Meine Yogastunden sind ein vielfältiger Mix aus den verschiedensten Stilen und Bereichen, je nach Thema oder den individuellen Gegebenheiten und Bedürfnissen. Der Schwerpunkt der jeweiligen Stunde/Klasse ist in dem Namen verankert. Meine Angebote Ich biete folgende Formate an Gruppenstunden Einzelcoaching [&hellip;]</p>
